{"id":98,"date":"2025-12-24T15:26:55","date_gmt":"2025-12-24T15:26:55","guid":{"rendered":"https:\/\/neosud-securite.fr\/?page_id=98"},"modified":"2026-02-19T13:48:21","modified_gmt":"2026-02-19T12:48:21","slug":"surveillance-gardiennage","status":"publish","type":"page","link":"https:\/\/neosud-securite.fr\/?page_id=98","title":{"rendered":"Surveillance &#038; Gardiennage"},"content":{"rendered":"\n<div class=\"wp-block-cover alignfull\" style=\"margin-top:0;margin-bottom:0;padding-top:60px;padding-bottom:60px;min-height:360px;aspect-ratio:unset;\"><img loading=\"lazy\" decoding=\"async\" width=\"1024\" height=\"333\" class=\"wp-block-cover__image-background wp-image-1220 size-large\" alt=\"\" src=\"https:\/\/neosud-securite.fr\/wp-content\/uploads\/2026\/02\/Sans-titre-1024x333.png\" data-object-fit=\"cover\" srcset=\"https:\/\/neosud-securite.fr\/wp-content\/uploads\/2026\/02\/Sans-titre-1024x333.png 1024w, https:\/\/neosud-securite.fr\/wp-content\/uploads\/2026\/02\/Sans-titre-300x98.png 300w, https:\/\/neosud-securite.fr\/wp-content\/uploads\/2026\/02\/Sans-titre-768x250.png 768w, https:\/\/neosud-securite.fr\/wp-content\/uploads\/2026\/02\/Sans-titre-1536x500.png 1536w, https:\/\/neosud-securite.fr\/wp-content\/uploads\/2026\/02\/Sans-titre-2048x666.png 2048w\" sizes=\"auto, (max-width: 1024px) 100vw, 1024px\" \/><span aria-hidden=\"true\" class=\"wp-block-cover__background has-background-dim-0 has-background-dim\" style=\"background-color:#e9ceb0\"><\/span><div class=\"wp-block-cover__inner-container has-global-padding is-layout-constrained wp-container-core-cover-is-layout-c70e00cc wp-block-cover-is-layout-constrained\">\n<div style=\"height:150px\" aria-hidden=\"true\" class=\"wp-block-spacer\"><\/div>\n\n\n\n<h2 class=\"wp-block-heading has-text-align-center\" style=\"font-size:clamp(35.641px, 2.228rem + ((1vw - 3.2px) * 3.336), 65px);\">Surveillance &amp; Gardiennage<\/h2>\n<\/div><\/div>\n\n\n\n<div class=\"wp-block-group alignfull has-global-padding is-layout-constrained wp-container-core-group-is-layout-776a0798 wp-block-group-is-layout-constrained\" style=\"margin-top:0;margin-bottom:0;padding-top:60px;padding-right:40px;padding-bottom:0px;padding-left:40px\">\n<div class=\"wp-block-group is-vertical is-layout-flex wp-container-core-group-is-layout-fe9cc265 wp-block-group-is-layout-flex\" style=\"font-size:clamp(14px, 0.875rem + ((1vw - 3.2px) * 0.114), 15px);\">\n<p class=\"has-text-align-center animated zoomIn slow has-text-color has-montserrat-font-family\" style=\"color:#001211;font-size:clamp(14px, 0.875rem + ((1vw - 3.2px) * 0.114), 15px);font-style:normal;font-weight:100\">La surveillance et le gardiennage ne se r\u00e9sument pas \u00e0 une simple pr\u00e9sence sur un site. C\u2019est avant tout une mission qui consiste \u00e0 observer, anticiper, rassurer et intervenir lorsque la situation l\u2019exige, avec s\u00e9rieux, sang-froid et discernement.<\/p>\n\n\n\n<p class=\"has-text-align-center animated zoomIn slow has-text-color has-montserrat-font-family\" style=\"color:#001211;font-size:clamp(14px, 0.875rem + ((1vw - 3.2px) * 0.114), 15px);font-style:normal;font-weight:100\">Chez N\u00e9o Sud S\u00e9curit\u00e9, nous avons fait le choix d\u2019une s\u00e9curit\u00e9 humaine et de proximit\u00e9. Nos agents sont pr\u00e9sents sur le terrain pour prot\u00e9ger vos biens, mais aussi pour devenir de v\u00e9ritables points de rep\u00e8re, aussi bien pour vos \u00e9quipes que pour le public.<\/p>\n\n\n\n<p class=\"has-text-align-center animated zoomIn slow has-text-color has-montserrat-font-family\" style=\"color:#001211;font-size:clamp(14px, 0.875rem + ((1vw - 3.2px) * 0.114), 15px);font-style:normal;font-weight:100\">Un agent de s\u00e9curit\u00e9 repr\u00e9sente votre image et votre site. C\u2019est pourquoi nous s\u00e9lectionnons des professionnels fiables, form\u00e9s et pleinement conscients de leurs responsabilit\u00e9s.<\/p>\n<\/div>\n\n\n\n<div class=\"wp-block-group alignwide has-global-padding is-layout-constrained wp-container-core-group-is-layout-4383d167 wp-block-group-is-layout-constrained\">\n<div class=\"wp-block-columns alignwide are-vertically-aligned-center animated zoomIn slow is-layout-flex wp-container-core-columns-is-layout-8bdd8642 wp-block-columns-is-layout-flex\" style=\"padding-top:20px;padding-right:20px;padding-bottom:20px;padding-left:20px\">\n<div class=\"wp-block-column is-vertically-aligned-center is-layout-flow wp-container-core-column-is-layout-128d91dc wp-block-column-is-layout-flow\" style=\"padding-right:1rem;padding-bottom:2rem;padding-left:1rem\">\n<figure class=\"wp-block-image aligncenter size-full is-resized has-custom-border\"><img loading=\"lazy\" decoding=\"async\" width=\"1024\" height=\"683\" src=\"https:\/\/neosud-securite.fr\/wp-content\/uploads\/2026\/02\/ChatGPT-Image-10-janv.-2026-16_51_43-edited-1.png\" alt=\"\" class=\"wp-image-1286\" style=\"border-style:none;border-width:0px;border-top-left-radius:17px;border-top-right-radius:17px;border-bottom-left-radius:17px;border-bottom-right-radius:17px;box-shadow:12px 12px 50px rgba(0, 0, 0, 0.4);aspect-ratio:3\/2;object-fit:cover;width:380px\" srcset=\"https:\/\/neosud-securite.fr\/wp-content\/uploads\/2026\/02\/ChatGPT-Image-10-janv.-2026-16_51_43-edited-1.png 1024w, https:\/\/neosud-securite.fr\/wp-content\/uploads\/2026\/02\/ChatGPT-Image-10-janv.-2026-16_51_43-edited-1-300x200.png 300w, https:\/\/neosud-securite.fr\/wp-content\/uploads\/2026\/02\/ChatGPT-Image-10-janv.-2026-16_51_43-edited-1-768x512.png 768w\" sizes=\"auto, (max-width: 1024px) 100vw, 1024px\" \/><\/figure>\n<\/div>\n\n\n\n<div class=\"wp-block-column is-vertically-aligned-center is-layout-flow wp-container-core-column-is-layout-128d91dc wp-block-column-is-layout-flow\" style=\"padding-right:1rem;padding-bottom:2rem;padding-left:1rem\">\n<figure class=\"wp-block-image aligncenter size-full is-resized has-custom-border\"><img loading=\"lazy\" decoding=\"async\" width=\"800\" height=\"533\" src=\"https:\/\/neosud-securite.fr\/wp-content\/uploads\/2026\/02\/ChatGPT-Image-10-janv.-2026-16_54_43-edited.jpg\" alt=\"\" class=\"wp-image-1287\" style=\"border-style:none;border-width:0px;border-top-left-radius:17px;border-top-right-radius:17px;border-bottom-left-radius:17px;border-bottom-right-radius:17px;box-shadow:12px 12px 50px rgba(0, 0, 0, 0.4);aspect-ratio:3\/2;object-fit:cover;width:380px\" srcset=\"https:\/\/neosud-securite.fr\/wp-content\/uploads\/2026\/02\/ChatGPT-Image-10-janv.-2026-16_54_43-edited.jpg 800w, https:\/\/neosud-securite.fr\/wp-content\/uploads\/2026\/02\/ChatGPT-Image-10-janv.-2026-16_54_43-edited-300x200.jpg 300w, https:\/\/neosud-securite.fr\/wp-content\/uploads\/2026\/02\/ChatGPT-Image-10-janv.-2026-16_54_43-edited-768x512.jpg 768w\" sizes=\"auto, (max-width: 800px) 100vw, 800px\" \/><\/figure>\n<\/div>\n<\/div>\n<\/div>\n\n\n\n<p class=\"has-text-align-center animated zoomIn slow has-text-color has-montserrat-font-family\" style=\"color:#001211;font-size:clamp(14px, 0.875rem + ((1vw - 3.2px) * 0.114), 15px);font-style:normal;font-weight:100\">Nos agents de surveillance et de gardiennage interviennent sur des commerces et grandes surfaces, sur des chantiers et sites sensibles, dans des immeubles et parkings, au sein d\u2019entreprises et de sites industriels, ainsi que lors d\u2019\u00e9v\u00e9nements ponctuels ou r\u00e9currents.<\/p>\n\n\n\n<p class=\"has-text-align-center animated zoomIn slow has-text-color has-montserrat-font-family\" style=\"color:#001211;font-size:clamp(14px, 0.875rem + ((1vw - 3.2px) * 0.114), 15px);font-style:normal;font-weight:100\">Chaque mission est encadr\u00e9e, expliqu\u00e9e et suivie avec attention afin que l\u2019agent sache pr\u00e9cis\u00e9ment ce qui est attendu de lui et comment r\u00e9agir face \u00e0 toute situation inhabituelle. <\/p>\n\n\n\n<p class=\"has-text-align-center animated zoomIn slow has-text-color has-montserrat-font-family\" style=\"color:#001211;font-size:clamp(14px, 0.875rem + ((1vw - 3.2px) * 0.114), 15px);font-style:normal;font-weight:100\">Au quotidien, nos agents assurent une pr\u00e9sence dissuasive et visible sur les sites qui leur sont confi\u00e9s. Ils effectuent des rondes r\u00e9guli\u00e8res et cibl\u00e9es, contr\u00f4lent les acc\u00e8s et les flux de personnes, surveillent les installations ainsi que les zones sensibles, et participent activement \u00e0 la pr\u00e9vention des intrusions et des d\u00e9gradations. Ils assurent \u00e9galement une remont\u00e9e d\u2019informations claire et pr\u00e9cise afin de garantir un suivi fiable de chaque situation. <\/p>\n\n\n\n<p class=\"has-text-align-center animated zoomIn slow has-text-color has-montserrat-font-family\" style=\"color:#001211;font-size:clamp(14px, 0.875rem + ((1vw - 3.2px) * 0.114), 15px);font-style:normal;font-weight:100\">Toutes leurs interventions sont r\u00e9alis\u00e9es dans le strict respect du cadre l\u00e9gal, avec calme et professionnalisme, en privil\u00e9giant toujours la pr\u00e9vention avant toute autre action.<\/p>\n\n\n\n<div class=\"wp-block-group alignfull has-background has-global-padding is-layout-constrained wp-container-core-group-is-layout-82413add wp-block-group-is-layout-constrained\" style=\"background-color:#f5ece4db;padding-top:5.01rem;padding-right:20px;padding-bottom:18px;padding-left:20px\">\n<div class=\"wp-block-group has-global-padding is-layout-constrained wp-block-group-is-layout-constrained\">\n<figure class=\"wp-block-image size-full has-custom-border animated zoomIn slow\" style=\"color:#3c3123;font-size:clamp(14px, 0.875rem + ((1vw - 3.2px) * 0.341), 17px);font-style:normal;font-weight:100\"><img loading=\"lazy\" decoding=\"async\" width=\"800\" height=\"450\" src=\"https:\/\/neosud-securite.fr\/wp-content\/uploads\/2026\/02\/ChatGPT-Image-10-janv.-2026-17_36_12-edited-1.jpg\" alt=\"\" class=\"wp-image-1288\" style=\"border-top-left-radius:17px;border-top-right-radius:17px;border-bottom-left-radius:17px;border-bottom-right-radius:17px;box-shadow:12px 12px 50px rgba(0, 0, 0, 0.4);aspect-ratio:16\/9;object-fit:cover\" srcset=\"https:\/\/neosud-securite.fr\/wp-content\/uploads\/2026\/02\/ChatGPT-Image-10-janv.-2026-17_36_12-edited-1.jpg 800w, https:\/\/neosud-securite.fr\/wp-content\/uploads\/2026\/02\/ChatGPT-Image-10-janv.-2026-17_36_12-edited-1-300x169.jpg 300w, https:\/\/neosud-securite.fr\/wp-content\/uploads\/2026\/02\/ChatGPT-Image-10-janv.-2026-17_36_12-edited-1-768x432.jpg 768w\" sizes=\"auto, (max-width: 800px) 100vw, 800px\" \/><\/figure>\n<\/div>\n\n\n\n<p class=\"has-text-align-center animated zoomIn slow has-text-color has-montserrat-font-family\" id=\"every-so-often-amid-the-routine-of-daily-life-love-presents-us-with-a-storybook-tale\" style=\"color:#001211;padding-right:30px;padding-left:30px;font-size:clamp(14px, 0.875rem + ((1vw - 3.2px) * 0.114), 15px);font-style:normal;font-weight:100\">Il n\u2019existe pas de solution standard en mati\u00e8re de s\u00e9curit\u00e9. Avant chaque prestation, nous prenons le temps d\u2019analyser votre activit\u00e9, vos contraintes, vos horaires et vos points sensibles afin de mettre en place une surveillance coh\u00e9rente, utile et proportionn\u00e9e. Cette approche nous permet d\u2019\u00e9viter tout dispositif inadapt\u00e9 ou surdimensionn\u00e9, tout en vous garantissant une protection efficace sans surco\u00fbt inutile. <\/p>\n\n\n\n<p class=\"has-text-align-center animated zoomIn slow has-text-color has-montserrat-font-family\" id=\"every-so-often-amid-the-routine-of-daily-life-love-presents-us-with-a-storybook-tale\" style=\"color:#001211;padding-right:30px;padding-left:30px;font-size:clamp(14px, 0.875rem + ((1vw - 3.2px) * 0.114), 15px);font-style:normal;font-weight:100\">N\u00e9o Sud S\u00e9curit\u00e9 est une entreprise \u00e0 taille humaine qui privil\u00e9gie une communication directe, une r\u00e9elle disponibilit\u00e9 et un suivi concret de ses prestations. Nous pla\u00e7ons la relation humaine au c\u0153ur de notre engagement et construisons des partenariats durables avec nos clients. Notre objectif n\u2019est pas seulement d\u2019assurer une mission, mais de devenir un partenaire de confiance, pr\u00e9sent et r\u00e9actif, sur lequel vous pouvez compter au quotidien.<\/p>\n<\/div>\n<\/div>\n","protected":false},"excerpt":{"rendered":"<p>La surveillance et le gardiennage ne se r\u00e9sument pas \u00e0 une simple pr\u00e9sence sur un site. C\u2019est avant tout une mission qui consiste \u00e0 observer, anticiper, rassurer et intervenir lorsque la situation l\u2019exige, avec s\u00e9rieux, sang-froid et discernement. Chez N\u00e9o Sud S\u00e9curit\u00e9, nous avons fait le choix d\u2019une s\u00e9curit\u00e9 humaine et de proximit\u00e9. Nos agents [&hellip;]<\/p>\n","protected":false},"author":1,"featured_media":0,"parent":0,"menu_order":0,"comment_status":"closed","ping_status":"closed","template":"","meta":{"_themeisle_gutenberg_block_has_review":false,"footnotes":""},"class_list":["post-98","page","type-page","status-publish","hentry"],"pbg_featured_image_src":{"full":false,"thumbnail":false,"medium":false,"medium_large":false,"large":false,"1536x1536":false,"2048x2048":false},"pbg_author_info":{"display_name":"Na\u00efs","author_link":"https:\/\/neosud-securite.fr\/?author=1","author_img":"<img alt='Na\u00efs' src='https:\/\/secure.gravatar.com\/avatar\/8301fb24955bd9385faff89fcac2872a4f49296e2933e12fdf7f85052f51cc1a?s=128&#038;d=mm&#038;r=g' srcset='https:\/\/secure.gravatar.com\/avatar\/8301fb24955bd9385faff89fcac2872a4f49296e2933e12fdf7f85052f51cc1a?s=256&#038;d=mm&#038;r=g 2x' class='avatar avatar-128 photo' height='128' width='128' loading='lazy' decoding='async'\/>"},"pbg_comment_info":" No Comments","pbg_excerpt":"La surveillance et le gardiennage ne se r\u00e9sument pas \u00e0 une simple pr\u00e9sence sur un site. C\u2019est avant tout une mission qui consiste \u00e0 observer, anticiper, rassurer et intervenir lorsque la situation l\u2019exige, avec s\u00e9rieux, sang-froid et discernement. Chez N\u00e9o Sud S\u00e9curit\u00e9, nous avons fait le choix d\u2019une s\u00e9curit\u00e9 humaine et de proximit\u00e9. Nos agents\u2026","_links":{"self":[{"href":"https:\/\/neosud-securite.fr\/index.php?rest_route=\/wp\/v2\/pages\/98","targetHints":{"allow":["GET"]}}],"collection":[{"href":"https:\/\/neosud-securite.fr\/index.php?rest_route=\/wp\/v2\/pages"}],"about":[{"href":"https:\/\/neosud-securite.fr\/index.php?rest_route=\/wp\/v2\/types\/page"}],"author":[{"embeddable":true,"href":"https:\/\/neosud-securite.fr\/index.php?rest_route=\/wp\/v2\/users\/1"}],"replies":[{"embeddable":true,"href":"https:\/\/neosud-securite.fr\/index.php?rest_route=%2Fwp%2Fv2%2Fcomments&post=98"}],"version-history":[{"count":44,"href":"https:\/\/neosud-securite.fr\/index.php?rest_route=\/wp\/v2\/pages\/98\/revisions"}],"predecessor-version":[{"id":1290,"href":"https:\/\/neosud-securite.fr\/index.php?rest_route=\/wp\/v2\/pages\/98\/revisions\/1290"}],"wp:attachment":[{"href":"https:\/\/neosud-securite.fr\/index.php?rest_route=%2Fwp%2Fv2%2Fmedia&parent=98"}],"curies":[{"name":"wp","href":"https:\/\/api.w.org\/{rel}","templated":true}]}}