{"id":692,"date":"2026-01-16T15:46:22","date_gmt":"2026-01-16T14:46:22","guid":{"rendered":"https:\/\/neosud-securite.fr\/?page_id=692"},"modified":"2026-02-19T15:57:28","modified_gmt":"2026-02-19T14:57:28","slug":"uniformes","status":"publish","type":"page","link":"https:\/\/neosud-securite.fr\/?page_id=692","title":{"rendered":"Uniformes"},"content":{"rendered":"\n<div class=\"wp-block-cover alignfull is-light\" style=\"margin-top:0;margin-bottom:0;padding-top:60px;padding-bottom:60px;min-height:360px;aspect-ratio:unset;\"><img loading=\"lazy\" decoding=\"async\" width=\"1024\" height=\"728\" class=\"wp-block-cover__image-background wp-image-674 size-large\" alt=\"\" src=\"http:\/\/neosud-securite.fr\/wp-content\/uploads\/2026\/01\/Sans-titre-3-1024x728.png\" data-object-fit=\"cover\" srcset=\"https:\/\/neosud-securite.fr\/wp-content\/uploads\/2026\/01\/Sans-titre-3-1024x728.png 1024w, https:\/\/neosud-securite.fr\/wp-content\/uploads\/2026\/01\/Sans-titre-3-300x213.png 300w, https:\/\/neosud-securite.fr\/wp-content\/uploads\/2026\/01\/Sans-titre-3-768x546.png 768w, https:\/\/neosud-securite.fr\/wp-content\/uploads\/2026\/01\/Sans-titre-3-1536x1092.png 1536w, https:\/\/neosud-securite.fr\/wp-content\/uploads\/2026\/01\/Sans-titre-3-2048x1456.png 2048w\" sizes=\"auto, (max-width: 1024px) 100vw, 1024px\" \/><span aria-hidden=\"true\" class=\"wp-block-cover__background has-background-dim-0 has-background-dim\" style=\"background-color:#e9ceb0\"><\/span><div class=\"wp-block-cover__inner-container has-global-padding is-layout-constrained wp-container-core-cover-is-layout-c70e00cc wp-block-cover-is-layout-constrained\">\n<div style=\"height:150px\" aria-hidden=\"true\" class=\"wp-block-spacer\"><\/div>\n\n\n\n<h2 class=\"wp-block-heading has-text-align-center\" style=\"font-size:clamp(35.641px, 2.228rem + ((1vw - 3.2px) * 3.336), 65px);\">Les Uniformes<\/h2>\n<\/div><\/div>\n\n\n\n<div class=\"wp-block-columns alignfull is-layout-flex wp-container-core-columns-is-layout-c65e6737 wp-block-columns-is-layout-flex\" style=\"padding-top:80px;padding-right:40px;padding-bottom:80px;padding-left:40px\">\n<div class=\"wp-block-column is-vertically-aligned-center has-global-padding is-layout-constrained wp-container-core-column-is-layout-344d6f9e wp-block-column-is-layout-constrained\" style=\"flex-basis:55%\">\n<p class=\"has-text-align-center animated zoomIn slow has-montserrat-font-family\" style=\"font-size:clamp(14px, 0.875rem + ((1vw - 3.2px) * 0.114), 15px);font-style:normal;font-weight:100\">Chez N\u00e9o Sud S\u00e9curit\u00e9, chaque uniforme est pens\u00e9 comme un outil de travail \u00e0 part enti\u00e8re. Il assure l\u2019identification rapide de l\u2019agent, le respect des obligations r\u00e9glementaires et le confort pour l\u2019exercice des missions de s\u00e9curit\u00e9.<\/p>\n\n\n\n<p class=\"has-text-align-center animated zoomIn slow has-montserrat-font-family\" style=\"font-size:clamp(14px, 0.875rem + ((1vw - 3.2px) * 0.114), 15px);font-style:normal;font-weight:100\">Conscients que chaque site, mission et client est unique, nous s\u00e9lectionnons et adaptons nos uniformes en fonction du contexte d\u2019intervention, qu\u2019il s\u2019agisse de s\u00e9curit\u00e9 incendie, de surveillance, d\u2019environnement portuaire ou d\u2019\u00e9v\u00e9nements \u00e0 forte visibilit\u00e9.<\/p>\n\n\n\n<p class=\"has-text-align-center animated zoomIn slow has-montserrat-font-family\" style=\"font-size:clamp(14px, 0.875rem + ((1vw - 3.2px) * 0.114), 15px);font-style:normal;font-weight:100\">Nos uniformes respectent scrupuleusement la r\u00e9glementation en vigueur, notamment l\u2019arr\u00eat\u00e9 du 18 juillet 2023 relatif aux tenues des agents de s\u00e9curit\u00e9 priv\u00e9e. Ils r\u00e9pondent ainsi aux exigences de professionnalisme, de s\u00e9curit\u00e9 et de coh\u00e9rence visuelle requises sur le terrain.<\/p>\n<\/div>\n\n\n\n<div class=\"wp-block-column animated zoomIn slow is-layout-flow wp-block-column-is-layout-flow\" style=\"flex-basis:45%\">\n<div id=\"wp-block-themeisle-blocks-slider-f99fd74d\" class=\"wp-block-themeisle-blocks-slider glide\" data-per-view=\"2\" data-gap=\"4\" data-peek=\"0\" data-autoplay=\"true\" data-height=\"600px\" data-hide-arrows=\"false\"><div class=\"glide__track\" data-glide-el=\"track\"><div class=\"glide__slides\"><div class=\"wp-block-themeisle-blocks-slider-item-wrapper glide__slide\" tabindex=\"0\"><figure><img decoding=\"async\" class=\"wp-block-themeisle-blocks-slider-item\" src=\"http:\/\/neosud-securite.fr\/wp-content\/uploads\/2026\/01\/aps-avant.png\" alt=\"\" title=\"\" data-id=\"884\"\/><\/figure><\/div><div class=\"wp-block-themeisle-blocks-slider-item-wrapper glide__slide\" tabindex=\"0\"><figure><img decoding=\"async\" class=\"wp-block-themeisle-blocks-slider-item\" src=\"http:\/\/neosud-securite.fr\/wp-content\/uploads\/2026\/01\/aps-dos.png\" alt=\"\" title=\"\" data-id=\"894\"\/><\/figure><\/div><div class=\"wp-block-themeisle-blocks-slider-item-wrapper glide__slide\" tabindex=\"0\"><figure><img decoding=\"async\" class=\"wp-block-themeisle-blocks-slider-item\" src=\"http:\/\/neosud-securite.fr\/wp-content\/uploads\/2026\/01\/ssiap-femme-avant.png\" alt=\"\" title=\"\" data-id=\"922\"\/><\/figure><\/div><div class=\"wp-block-themeisle-blocks-slider-item-wrapper glide__slide\" tabindex=\"0\"><figure><img decoding=\"async\" class=\"wp-block-themeisle-blocks-slider-item\" src=\"http:\/\/neosud-securite.fr\/wp-content\/uploads\/2026\/01\/ssiap-femme-dos.jpg\" alt=\"\" title=\"\" data-id=\"924\"\/><\/figure><\/div><div class=\"wp-block-themeisle-blocks-slider-item-wrapper glide__slide\" tabindex=\"0\"><figure><img decoding=\"async\" class=\"wp-block-themeisle-blocks-slider-item\" src=\"http:\/\/neosud-securite.fr\/wp-content\/uploads\/2026\/01\/aps-costume-1.png\" alt=\"\" title=\"\" data-id=\"906\"\/><\/figure><\/div><div class=\"wp-block-themeisle-blocks-slider-item-wrapper glide__slide\" tabindex=\"0\"><figure><img decoding=\"async\" class=\"wp-block-themeisle-blocks-slider-item\" src=\"http:\/\/neosud-securite.fr\/wp-content\/uploads\/2026\/01\/gilet-jaune-femme.png\" alt=\"\" title=\"\" data-id=\"918\"\/><\/figure><\/div><div class=\"wp-block-themeisle-blocks-slider-item-wrapper glide__slide\" tabindex=\"0\"><figure><img decoding=\"async\" class=\"wp-block-themeisle-blocks-slider-item\" src=\"http:\/\/neosud-securite.fr\/wp-content\/uploads\/2026\/01\/ChatGPT-Image-16-janv.-2026-15_58_50.png\" alt=\"\" title=\"\" data-id=\"799\"\/><\/figure><\/div><div class=\"wp-block-themeisle-blocks-slider-item-wrapper glide__slide\" tabindex=\"0\"><figure><img decoding=\"async\" class=\"wp-block-themeisle-blocks-slider-item\" src=\"http:\/\/neosud-securite.fr\/wp-content\/uploads\/2026\/01\/ChatGPT-Image-16-janv.-2026-15_58_43.png\" alt=\"\" title=\"\" data-id=\"826\"\/><\/figure><\/div><\/div><div class=\"glide__bullets\" data-glide-el=\"controls[nav]\"><button class=\"glide__bullet\" data-glide-dir=\"=0\"><\/button><button class=\"glide__bullet\" data-glide-dir=\"=1\"><\/button><button class=\"glide__bullet\" data-glide-dir=\"=2\"><\/button><button class=\"glide__bullet\" data-glide-dir=\"=3\"><\/button><button class=\"glide__bullet\" data-glide-dir=\"=4\"><\/button><button class=\"glide__bullet\" data-glide-dir=\"=5\"><\/button><button class=\"glide__bullet\" data-glide-dir=\"=6\"><\/button><button class=\"glide__bullet\" data-glide-dir=\"=7\"><\/button><\/div><\/div><\/div>\n<\/div>\n<\/div>\n","protected":false},"excerpt":{"rendered":"<p>Chez N\u00e9o Sud S\u00e9curit\u00e9, chaque uniforme est pens\u00e9 comme un outil de travail \u00e0 part enti\u00e8re. Il assure l\u2019identification rapide de l\u2019agent, le respect des obligations r\u00e9glementaires et le confort pour l\u2019exercice des missions de s\u00e9curit\u00e9. Conscients que chaque site, mission et client est unique, nous s\u00e9lectionnons et adaptons nos uniformes en fonction du contexte [&hellip;]<\/p>\n","protected":false},"author":1,"featured_media":0,"parent":0,"menu_order":0,"comment_status":"closed","ping_status":"closed","template":"","meta":{"_themeisle_gutenberg_block_has_review":false,"footnotes":""},"class_list":["post-692","page","type-page","status-publish","hentry"],"pbg_featured_image_src":{"full":false,"thumbnail":false,"medium":false,"medium_large":false,"large":false,"1536x1536":false,"2048x2048":false},"pbg_author_info":{"display_name":"Na\u00efs","author_link":"https:\/\/neosud-securite.fr\/?author=1","author_img":"<img alt='Na\u00efs' src='https:\/\/secure.gravatar.com\/avatar\/8301fb24955bd9385faff89fcac2872a4f49296e2933e12fdf7f85052f51cc1a?s=128&#038;d=mm&#038;r=g' srcset='https:\/\/secure.gravatar.com\/avatar\/8301fb24955bd9385faff89fcac2872a4f49296e2933e12fdf7f85052f51cc1a?s=256&#038;d=mm&#038;r=g 2x' class='avatar avatar-128 photo' height='128' width='128' loading='lazy' decoding='async'\/>"},"pbg_comment_info":" No Comments","pbg_excerpt":"Chez N\u00e9o Sud S\u00e9curit\u00e9, chaque uniforme est pens\u00e9 comme un outil de travail \u00e0 part enti\u00e8re. Il assure l\u2019identification rapide de l\u2019agent, le respect des obligations r\u00e9glementaires et le confort pour l\u2019exercice des missions de s\u00e9curit\u00e9. Conscients que chaque site, mission et client est unique, nous s\u00e9lectionnons et adaptons nos uniformes en fonction du contexte\u2026","_links":{"self":[{"href":"https:\/\/neosud-securite.fr\/index.php?rest_route=\/wp\/v2\/pages\/692","targetHints":{"allow":["GET"]}}],"collection":[{"href":"https:\/\/neosud-securite.fr\/index.php?rest_route=\/wp\/v2\/pages"}],"about":[{"href":"https:\/\/neosud-securite.fr\/index.php?rest_route=\/wp\/v2\/types\/page"}],"author":[{"embeddable":true,"href":"https:\/\/neosud-securite.fr\/index.php?rest_route=\/wp\/v2\/users\/1"}],"replies":[{"embeddable":true,"href":"https:\/\/neosud-securite.fr\/index.php?rest_route=%2Fwp%2Fv2%2Fcomments&post=692"}],"version-history":[{"count":112,"href":"https:\/\/neosud-securite.fr\/index.php?rest_route=\/wp\/v2\/pages\/692\/revisions"}],"predecessor-version":[{"id":1359,"href":"https:\/\/neosud-securite.fr\/index.php?rest_route=\/wp\/v2\/pages\/692\/revisions\/1359"}],"wp:attachment":[{"href":"https:\/\/neosud-securite.fr\/index.php?rest_route=%2Fwp%2Fv2%2Fmedia&parent=692"}],"curies":[{"name":"wp","href":"https:\/\/api.w.org\/{rel}","templated":true}]}}