{"id":101,"date":"2025-12-24T15:27:58","date_gmt":"2025-12-24T15:27:58","guid":{"rendered":"https:\/\/neosud-securite.fr\/?page_id=101"},"modified":"2026-02-19T14:21:08","modified_gmt":"2026-02-19T13:21:08","slug":"securite-evenementielle","status":"publish","type":"page","link":"https:\/\/neosud-securite.fr\/?page_id=101","title":{"rendered":"S\u00e9curit\u00e9 \u00e9v\u00e8nementielle"},"content":{"rendered":"\n<div class=\"wp-block-cover alignfull\" style=\"margin-top:0;margin-bottom:0;padding-top:60px;padding-bottom:60px;min-height:360px;aspect-ratio:unset;\"><img loading=\"lazy\" decoding=\"async\" width=\"1024\" height=\"333\" class=\"wp-block-cover__image-background wp-image-1220 size-large\" alt=\"\" src=\"https:\/\/neosud-securite.fr\/wp-content\/uploads\/2026\/02\/Sans-titre-1024x333.png\" data-object-fit=\"cover\" srcset=\"https:\/\/neosud-securite.fr\/wp-content\/uploads\/2026\/02\/Sans-titre-1024x333.png 1024w, https:\/\/neosud-securite.fr\/wp-content\/uploads\/2026\/02\/Sans-titre-300x98.png 300w, https:\/\/neosud-securite.fr\/wp-content\/uploads\/2026\/02\/Sans-titre-768x250.png 768w, https:\/\/neosud-securite.fr\/wp-content\/uploads\/2026\/02\/Sans-titre-1536x500.png 1536w, https:\/\/neosud-securite.fr\/wp-content\/uploads\/2026\/02\/Sans-titre-2048x666.png 2048w\" sizes=\"auto, (max-width: 1024px) 100vw, 1024px\" \/><span aria-hidden=\"true\" class=\"wp-block-cover__background has-background-dim-0 has-background-dim\" style=\"background-color:#e9ceb0\"><\/span><div class=\"wp-block-cover__inner-container has-global-padding is-layout-constrained wp-container-core-cover-is-layout-c70e00cc wp-block-cover-is-layout-constrained\">\n<div style=\"height:150px\" aria-hidden=\"true\" class=\"wp-block-spacer\"><\/div>\n\n\n\n<h2 class=\"wp-block-heading has-text-align-center\" style=\"font-size:clamp(35.641px, 2.228rem + ((1vw - 3.2px) * 3.336), 65px);\">S\u00e9curit\u00e9 \u00e9v\u00e8nementielle<\/h2>\n<\/div><\/div>\n\n\n\n<div class=\"wp-block-group alignfull has-global-padding is-layout-constrained wp-container-core-group-is-layout-776a0798 wp-block-group-is-layout-constrained\" style=\"margin-top:0;margin-bottom:0;padding-top:60px;padding-right:40px;padding-bottom:0px;padding-left:40px\">\n<div class=\"wp-block-group is-vertical is-layout-flex wp-container-core-group-is-layout-fe9cc265 wp-block-group-is-layout-flex\">\n<p class=\"has-text-align-center animated zoomIn slow has-text-color has-montserrat-font-family\" style=\"color:#001211;font-size:clamp(14px, 0.875rem + ((1vw - 3.2px) * 0.114), 15px);font-style:normal;font-weight:100\">Un \u00e9v\u00e9nement, ce n\u2019est pas qu\u2019une organisation sur le papier. C\u2019est du public, des \u00e9quipes, des d\u00e9placements, parfois des impr\u00e9vus. La s\u00e9curit\u00e9 \u00e9v\u00e9nementielle demande donc de l\u2019anticipation, de l\u2019observation et une capacit\u00e9 \u00e0 r\u00e9agir avec calme.<\/p>\n\n\n\n<p class=\"has-text-align-center animated zoomIn slow has-text-color has-montserrat-font-family\" style=\"color:#001211;font-size:clamp(14px, 0.875rem + ((1vw - 3.2px) * 0.114), 15px);font-style:normal;font-weight:100\">Chez N\u00e9o Sud S\u00e9curit\u00e9, nous intervenons pour encadrer vos \u00e9v\u00e9nements avec s\u00e9rieux et discr\u00e9tion, afin que tout se d\u00e9roule dans de bonnes conditions, du d\u00e9but \u00e0 la fin.<\/p>\n\n\n\n<p class=\"has-text-align-center animated zoomIn slow has-text-color has-montserrat-font-family\" style=\"color:#001211;font-size:clamp(14px, 0.875rem + ((1vw - 3.2px) * 0.114), 15px);font-style:normal;font-weight:100\">Nos agents sont positionn\u00e9s sur les zones strat\u00e9giques afin de veiller au bon d\u00e9roulement de l\u2019\u00e9v\u00e9nement et au respect des consignes de s\u00e9curit\u00e9. Ils savent se rendre visibles lorsque la situation l\u2019exige, tout en restant discrets pour pr\u00e9server l\u2019ambiance et le confort du public. <\/p>\n\n\n\n<p class=\"has-text-align-center animated zoomIn slow has-text-color has-montserrat-font-family\" style=\"color:#001211;font-size:clamp(14px, 0.875rem + ((1vw - 3.2px) * 0.114), 15px);font-style:normal;font-weight:100\">Chaque agent conna\u00eet son p\u00e9rim\u00e8tre, ses missions et les proc\u00e9dures \u00e0 appliquer, ce qui permet une organisation fluide et coh\u00e9rente sur le terrain.<\/p>\n<\/div>\n\n\n\n<div class=\"wp-block-group alignwide animated zoomIn slow has-text-color has-montserrat-font-family has-global-padding is-layout-constrained wp-container-core-group-is-layout-4383d167 wp-block-group-is-layout-constrained\" style=\"color:#001211;font-size:clamp(14px, 0.875rem + ((1vw - 3.2px) * 0.341), 17px);font-style:normal;font-weight:100\">\n<div class=\"wp-block-columns alignwide is-layout-flex wp-container-core-columns-is-layout-f13e657c wp-block-columns-is-layout-flex\" style=\"padding-top:20px;padding-right:20px;padding-bottom:20px;padding-left:20px\">\n<div class=\"wp-block-column is-layout-flow wp-container-core-column-is-layout-128d91dc wp-block-column-is-layout-flow\" style=\"padding-right:1rem;padding-bottom:2rem;padding-left:1rem\">\n<figure class=\"wp-block-image aligncenter size-full is-resized has-custom-border\"><img loading=\"lazy\" decoding=\"async\" width=\"1536\" height=\"1024\" src=\"http:\/\/neosud-securite.fr\/wp-content\/uploads\/2026\/01\/ChatGPT-Image-10-janv.-2026-16_35_43.png\" alt=\"\" class=\"wp-image-581\" style=\"border-top-left-radius:17px;border-top-right-radius:17px;border-bottom-left-radius:17px;border-bottom-right-radius:17px;box-shadow:12px 12px 50px rgba(0, 0, 0, 0.4);aspect-ratio:3\/2;object-fit:cover;width:380px\" srcset=\"https:\/\/neosud-securite.fr\/wp-content\/uploads\/2026\/01\/ChatGPT-Image-10-janv.-2026-16_35_43.png 1536w, https:\/\/neosud-securite.fr\/wp-content\/uploads\/2026\/01\/ChatGPT-Image-10-janv.-2026-16_35_43-300x200.png 300w, https:\/\/neosud-securite.fr\/wp-content\/uploads\/2026\/01\/ChatGPT-Image-10-janv.-2026-16_35_43-1024x683.png 1024w, https:\/\/neosud-securite.fr\/wp-content\/uploads\/2026\/01\/ChatGPT-Image-10-janv.-2026-16_35_43-768x512.png 768w\" sizes=\"auto, (max-width: 1536px) 100vw, 1536px\" \/><\/figure>\n<\/div>\n\n\n\n<div class=\"wp-block-column is-layout-flow wp-container-core-column-is-layout-128d91dc wp-block-column-is-layout-flow\" style=\"padding-right:1rem;padding-bottom:2rem;padding-left:1rem\">\n<figure class=\"wp-block-image aligncenter size-full is-resized has-custom-border\"><img loading=\"lazy\" decoding=\"async\" width=\"800\" height=\"533\" src=\"http:\/\/neosud-securite.fr\/wp-content\/uploads\/2026\/01\/ChatGPT-Image-10-janv.-2026-16_43_54.jpg\" alt=\"\" class=\"wp-image-583\" style=\"border-top-left-radius:17px;border-top-right-radius:17px;border-bottom-left-radius:17px;border-bottom-right-radius:17px;box-shadow:12px 12px 50px rgba(0, 0, 0, 0.4);aspect-ratio:3\/2;object-fit:cover;width:380px\" srcset=\"https:\/\/neosud-securite.fr\/wp-content\/uploads\/2026\/01\/ChatGPT-Image-10-janv.-2026-16_43_54.jpg 800w, https:\/\/neosud-securite.fr\/wp-content\/uploads\/2026\/01\/ChatGPT-Image-10-janv.-2026-16_43_54-300x200.jpg 300w, https:\/\/neosud-securite.fr\/wp-content\/uploads\/2026\/01\/ChatGPT-Image-10-janv.-2026-16_43_54-768x512.jpg 768w\" sizes=\"auto, (max-width: 800px) 100vw, 800px\" \/><\/figure>\n<\/div>\n<\/div>\n<\/div>\n\n\n\n<p class=\"has-text-align-center animated zoomIn slow has-text-color has-montserrat-font-family\" style=\"color:#001211;font-size:clamp(14px, 0.875rem + ((1vw - 3.2px) * 0.114), 15px);font-style:normal;font-weight:100\">Nos agents de surveillance et de gardiennage interviennent sur des commerces et grandes surfaces, sur des chantiers et sites sensibles, dans des immeubles et parkings, au sein d\u2019entreprises et de sites industriels, ainsi que lors d\u2019\u00e9v\u00e9nements ponctuels ou r\u00e9currents.<\/p>\n\n\n\n<p class=\"has-text-align-center animated zoomIn slow has-text-color has-montserrat-font-family\" style=\"color:#001211;font-size:clamp(14px, 0.875rem + ((1vw - 3.2px) * 0.114), 15px);font-style:normal;font-weight:100\">Chaque mission est encadr\u00e9e, expliqu\u00e9e et suivie avec attention afin que l\u2019agent sache pr\u00e9cis\u00e9ment ce qui est attendu de lui et comment r\u00e9agir face \u00e0 toute situation inhabituelle. <\/p>\n\n\n\n<p class=\"has-text-align-center animated zoomIn slow has-text-color has-montserrat-font-family\" style=\"color:#001211;font-size:clamp(14px, 0.875rem + ((1vw - 3.2px) * 0.114), 15px);font-style:normal;font-weight:100\">Au quotidien, nos agents assurent une pr\u00e9sence dissuasive et visible sur les sites qui leur sont confi\u00e9s. Ils effectuent des rondes r\u00e9guli\u00e8res et cibl\u00e9es, contr\u00f4lent les acc\u00e8s et les flux de personnes, surveillent les installations ainsi que les zones sensibles, et participent activement \u00e0 la pr\u00e9vention des intrusions et des d\u00e9gradations. Ils assurent \u00e9galement une remont\u00e9e d\u2019informations claire et pr\u00e9cise afin de garantir un suivi fiable de chaque situation. <\/p>\n\n\n\n<p class=\"has-text-align-center animated zoomIn slow has-text-color has-montserrat-font-family\" style=\"color:#001211;font-size:clamp(14px, 0.875rem + ((1vw - 3.2px) * 0.114), 15px);font-style:normal;font-weight:100\">Toutes leurs interventions sont r\u00e9alis\u00e9es dans le strict respect du cadre l\u00e9gal, avec calme et professionnalisme, en privil\u00e9giant toujours la pr\u00e9vention avant toute autre action.<\/p>\n\n\n\n<div class=\"wp-block-group alignfull has-background has-global-padding is-layout-constrained wp-container-core-group-is-layout-655d8693 wp-block-group-is-layout-constrained\" style=\"background-color:#f5ece4db;padding-top:5.01rem;padding-right:var(--wp--preset--spacing--40);padding-bottom:40px;padding-left:var(--wp--preset--spacing--40)\">\n<div class=\"wp-block-group has-global-padding is-layout-constrained wp-block-group-is-layout-constrained\">\n<figure class=\"wp-block-image size-large has-custom-border animated zoomIn slow\" style=\"color:#001211;font-size:clamp(14px, 0.875rem + ((1vw - 3.2px) * 0.341), 17px);font-style:normal;font-weight:100\"><img loading=\"lazy\" decoding=\"async\" width=\"1536\" height=\"864\" src=\"https:\/\/neosud-securite.fr\/wp-content\/uploads\/2026\/02\/ChatGPT-Image-5-janv.-2026-17_05_27-edited.png\" alt=\"\" class=\"wp-image-1297\" style=\"border-top-left-radius:17px;border-top-right-radius:17px;border-bottom-left-radius:17px;border-bottom-right-radius:17px;box-shadow:12px 12px 50px rgba(0, 0, 0, 0.4);aspect-ratio:16\/9;object-fit:cover\" srcset=\"https:\/\/neosud-securite.fr\/wp-content\/uploads\/2026\/02\/ChatGPT-Image-5-janv.-2026-17_05_27-edited.png 1536w, https:\/\/neosud-securite.fr\/wp-content\/uploads\/2026\/02\/ChatGPT-Image-5-janv.-2026-17_05_27-edited-300x169.png 300w, https:\/\/neosud-securite.fr\/wp-content\/uploads\/2026\/02\/ChatGPT-Image-5-janv.-2026-17_05_27-edited-1024x576.png 1024w, https:\/\/neosud-securite.fr\/wp-content\/uploads\/2026\/02\/ChatGPT-Image-5-janv.-2026-17_05_27-edited-768x432.png 768w\" sizes=\"auto, (max-width: 1536px) 100vw, 1536px\" \/><\/figure>\n<\/div>\n\n\n\n<p class=\"has-text-align-center animated zoomIn slow has-text-color has-montserrat-font-family\" id=\"every-so-often-amid-the-routine-of-daily-life-love-presents-us-with-a-storybook-tale\" style=\"color:#001211;padding-right:30px;padding-left:30px;font-size:clamp(14px, 0.875rem + ((1vw - 3.2px) * 0.114), 15px);font-style:normal;font-weight:100\">La s\u00e9curit\u00e9 \u00e9v\u00e9nementielle repose sur une organisation s\u00e9rieuse en amont. Avant chaque mission, nous \u00e9changeons avec l\u2019organisateur afin de comprendre la nature de l\u2019\u00e9v\u00e9nement, le public attendu, les contraintes du site et les points de vigilance sp\u00e9cifiques.<\/p>\n\n\n\n<p class=\"has-text-align-center animated zoomIn slow has-text-color has-montserrat-font-family\" id=\"world-change-is-achievable-history-attests-to-our-success-1\" style=\"color:#001211;padding-right:30px;padding-left:30px;font-size:clamp(14px, 0.875rem + ((1vw - 3.2px) * 0.114), 15px);font-style:normal;font-weight:100\">Cette pr\u00e9paration permet de mettre en place une s\u00e9curit\u00e9 adapt\u00e9e, proportionn\u00e9e et efficace, sans dispositif excessif. Chez N\u00e9o Sud S\u00e9curit\u00e9, nous savons qu\u2019une s\u00e9curit\u00e9 bien pens\u00e9e contribue directement \u00e0 la r\u00e9ussite d\u2019un \u00e9v\u00e9nement. Nous nous appuyons sur des agents impliqu\u00e9s et professionnels, une communication claire avec les \u00e9quipes et un suivi s\u00e9rieux tout au long de la mission.<\/p>\n<\/div>\n<\/div>\n","protected":false},"excerpt":{"rendered":"<p>Un \u00e9v\u00e9nement, ce n\u2019est pas qu\u2019une organisation sur le papier. C\u2019est du public, des \u00e9quipes, des d\u00e9placements, parfois des impr\u00e9vus. La s\u00e9curit\u00e9 \u00e9v\u00e9nementielle demande donc de l\u2019anticipation, de l\u2019observation et une capacit\u00e9 \u00e0 r\u00e9agir avec calme. Chez N\u00e9o Sud S\u00e9curit\u00e9, nous intervenons pour encadrer vos \u00e9v\u00e9nements avec s\u00e9rieux et discr\u00e9tion, afin que tout se d\u00e9roule [&hellip;]<\/p>\n","protected":false},"author":1,"featured_media":0,"parent":0,"menu_order":0,"comment_status":"closed","ping_status":"closed","template":"","meta":{"_themeisle_gutenberg_block_has_review":false,"footnotes":""},"class_list":["post-101","page","type-page","status-publish","hentry"],"pbg_featured_image_src":{"full":false,"thumbnail":false,"medium":false,"medium_large":false,"large":false,"1536x1536":false,"2048x2048":false},"pbg_author_info":{"display_name":"Na\u00efs","author_link":"https:\/\/neosud-securite.fr\/?author=1","author_img":"<img alt='Na\u00efs' src='https:\/\/secure.gravatar.com\/avatar\/8301fb24955bd9385faff89fcac2872a4f49296e2933e12fdf7f85052f51cc1a?s=128&#038;d=mm&#038;r=g' srcset='https:\/\/secure.gravatar.com\/avatar\/8301fb24955bd9385faff89fcac2872a4f49296e2933e12fdf7f85052f51cc1a?s=256&#038;d=mm&#038;r=g 2x' class='avatar avatar-128 photo' height='128' width='128' loading='lazy' decoding='async'\/>"},"pbg_comment_info":" No Comments","pbg_excerpt":"Un \u00e9v\u00e9nement, ce n\u2019est pas qu\u2019une organisation sur le papier. C\u2019est du public, des \u00e9quipes, des d\u00e9placements, parfois des impr\u00e9vus. La s\u00e9curit\u00e9 \u00e9v\u00e9nementielle demande donc de l\u2019anticipation, de l\u2019observation et une capacit\u00e9 \u00e0 r\u00e9agir avec calme. Chez N\u00e9o Sud S\u00e9curit\u00e9, nous intervenons pour encadrer vos \u00e9v\u00e9nements avec s\u00e9rieux et discr\u00e9tion, afin que tout se d\u00e9roule\u2026","_links":{"self":[{"href":"https:\/\/neosud-securite.fr\/index.php?rest_route=\/wp\/v2\/pages\/101","targetHints":{"allow":["GET"]}}],"collection":[{"href":"https:\/\/neosud-securite.fr\/index.php?rest_route=\/wp\/v2\/pages"}],"about":[{"href":"https:\/\/neosud-securite.fr\/index.php?rest_route=\/wp\/v2\/types\/page"}],"author":[{"embeddable":true,"href":"https:\/\/neosud-securite.fr\/index.php?rest_route=\/wp\/v2\/users\/1"}],"replies":[{"embeddable":true,"href":"https:\/\/neosud-securite.fr\/index.php?rest_route=%2Fwp%2Fv2%2Fcomments&post=101"}],"version-history":[{"count":20,"href":"https:\/\/neosud-securite.fr\/index.php?rest_route=\/wp\/v2\/pages\/101\/revisions"}],"predecessor-version":[{"id":1309,"href":"https:\/\/neosud-securite.fr\/index.php?rest_route=\/wp\/v2\/pages\/101\/revisions\/1309"}],"wp:attachment":[{"href":"https:\/\/neosud-securite.fr\/index.php?rest_route=%2Fwp%2Fv2%2Fmedia&parent=101"}],"curies":[{"name":"wp","href":"https:\/\/api.w.org\/{rel}","templated":true}]}}